 + 3/20*h**5 + 0. Suppose 4*k + 5 = -k. What is f(k)?
8
Suppose -3*m = -4*m. Suppose 5*i + 2*p = 17, 3*i = -4*p - m - 1. Let d(c) = -1 + 8*c + c**2 - 1 + i. Determine d(-7).
-4
Let a(y) = -25*y + 3. Let j(b) = 49*b - 5. Let g(s) = -7*a(s) - 4*j(s). Let u(z) = -22*z - 1. Let k(v) = 3*g(v) - 2*u(v). Give k(-1).
18
Let g(j) = -19793 + 2*j + 19793. Determine g(-6).
-12
Let o(a) = a**3 - 4*a**2 + 3*a - 2. Let m be (-1 - (1 + -3))*2. Let g(z) = -z**3 - z + 1. Let d(c) = m*g(c) + o(c). Suppose 4*h = -26 + 10. Give d(h).
-4
Let m(s) be the first derivative of -s**2/2 + 13*s + 43. What is m(-6)?
19
Let k(s) be the second derivative of 0 - 1/6*s**3 - 3*s - s**2. Give k(3).
-5
Let r(f) = f**3 + 8*f**2 + 5*f - 5. Let y(d) = 3*d**3 + 23*d**2 + 14*d - 14. Let p(b) = -8*r(b) + 3*y(b). Let g = -322 - -318. Give p(g).
6
Let y(v) = 3*v + 1. Let k = 6 - 19. Let b = k + 4. Let d be 6/b - (-3)/(-9). Determine y(d).
-2
Let a(c) = c**2 - 9*c + 11. Let p = -904 - -913. Determine a(p).
11
Let u(a) = -3*a - 77. Let b(p) = -p**3 + 3*p**2 - 23*p + 85. Let y be b(4). What is u(y)?
-8
Let w = -14 + 10. Let g(s) = -s**3 - 4*s**2 + 6*s + 6. Give g(w).
-18
Let p(i) be the third derivative of i**5/60 + 7*i**4/24 - i**3 + 15*i**2. Calculate p(-8).
2
Let s(d) = 5*d + 4. Let l be s(-2). Let p(t) be the second derivative of -t**4/12 - 2*t**3/3 + 3*t**2 + t. Calculate p(l).
-6
Let a(d) = -d**2 + 27*d - 55. Let o be a(25). Let c(b) = -b**3 - 8*b + 1. Let t(k) = 2*k**3 - k**2 + 17*k - 2. Let u(m) = -13*c(m) - 6*t(m). What is u(o)?
14
Suppose 357*o - 354*o - 15 = 0. Let y(m) = -5*m**2 + 3*m**2 + 7*m - 5*m**2 - m + m**3 - 1. Give y(o).
-21
Suppose s + 3*s = 3*v + 2, -3*s = -6. Let n(y) = 8*y**v + 18 - y**3 - 10 + 8*y - 4. Calculate n(9).
-5
Suppose -1 = -3*z + 2. Let l be 1 - z/((-2)/6). Let h(u) = 2*u**3 + 2*u - 4*u**2 - 1 - 2*u - u**3. Calculate h(l).
-1
Suppose 0 = 4*o + 2*a + 30, -3*a + 9 + 6 = 0. Let h(n) = -n - 14. Determine h(o).
-4
Let x(s) = 14 - 29 + 4*s + 17. Suppose 0 = -4*f + 6 + 2. Suppose 4*j = -2*l - f*l - 20, 3*l = j - 3. What is x(l)?
-6
Let k be (-26)/(52/7)*(-4)/7. Let h(j) be the second derivative of j**5/10 - j**4/6 - j**3/2 + j**2 + j. Determine h(k).
4
Let p be 70/15*3/2. Let b(d) = -d**2 + 4*d + 8. Determine b(p).
-13
Let x be 24/13 + (106/13 - 8). Let s(o) be the third derivative of -7*o**x - 1/10*o**5 - 7/24*o**4 + 0*o + 0*o**3 + 0 - 1/120*o**6. Give s(-5).
10
Let w(i) = -i**3 - 7*i**2 - 8*i - 8. Let t(u) = u**2 - 8*u - 26. Let k be t(10). Determine w(k).
4
Let w(y) = y**3 + 19*y**2 + 36*y + 20. Suppose 2*s + 39 = -q, 115*q - 119*q - 37 = s. Give w(s).
-14
Let t(h) be the second derivative of h**5/20 + h**4/4 + h**3/3 - 2*h**2 - 33*h. What is t(-4)?
-28
Let w(l) = -55*l**2 + 66*l**2 + 38 + 19*l - 9. Let n(y) = -7*y**2 - 13*y - 19. Let u(q) = 8*n(q) + 5*w(q). What is u(-7)?
7
Suppose y - i = 0, 3*y + y - 5*i = -1. Let j(t) be the third derivative of 0*t**3 + 1/24*t**4 + 0 + 2*t**2 - 1/60*t**5 + 1/30*t**6 + 0*t. What is j(y)?
4
Let o(i) be the second derivative of 0 - 35*i - 1/12*i**4 - 1/2*i**2 + 1/20*i**5 - 1/3*i**3. Calculate o(3).
11
Let p(c) = 3*c**3 + c**2 + c. Let v(o) = 2*o - 7. Let h be v(4). Suppose 9 = 2*k - h. Suppose -4*s - k = s. Determine p(s).
-3
Let o(k) = k + 1. Suppose -5 = 3*v - t + 2, -5*t - 13 = v. Let p(x) = -1. Let a(g) = v*o(g) - 3*p(g). What is a(2)?
-6
Let o(t) = t**2 - 4*t - 1. Let y be o(4). Let d(s) = 10*s - 7 + 0 + 7. What is d(y)?
-10
Let i(g) = -8*g + 8. Let q(w) = -33*w + 33. Let m(r) = 21*i(r) - 5*q(r). Let u(h) = 2*h**2 + 12*h - 8. Let o be u(-10). Let y = -76 + o. Determine m(y).
15
Let w(d) = -3*d - 4. Let q(m) = -3*m**3 - m**2 - m + 1. Suppose 2*f = -1 + 3. Let h be q(f). Calculate w(h).
8
Let z(i) = 2*i**2 + 213*i - 384*i + 191*i - 9. What is z(-10)?
-9
Let f be (1 - -1) + 12 + 3. Let n(p) = 14*p + 3*p**2 + 3 - 2*p**2 - f*p. Give n(4).
7
Let a be (-9)/(-1) + 27 + -32. Let t(l) = l**3 - 2*l**2 - l + 3. Give t(a).
31
Let z(d) = 14*d + 5. Let j(u) = 29*u + 12. Let v(k) = -2*j(k) + 5*z(k). Calculate v(-1).
-11
Let n be ((-18)/(-24))/(11/(-44)). Let x(w) = w**3 + 2*w**2 - 4*w - 1. Determine x(n).
2
Let c(s) = 20*s + 1 - 1 + 7*s**2 - 5 - 11*s - s**3. Determine c(8).
3
Let c(f) = -12*f**3 - f**2 + f - 1. Let m = -58 - -59. Determine c(m).
-13
Let k(r) = -9*r + 7. Let j(s) = 5*s - 4. Let x(y) = 5*j(y) + 3*k(y). Let a be x(1). Let d(w) = -1 + 0*w**3 - 2*w**3 - 6*w**3. Calculate d(a).
7
Suppose -9 - 3 = -4*p. Let g(l) = -2*l + 4 - 4*l**2 - p + 8*l**3 - 7*l**3. Suppose -16*o + 11*o = -20. Calculate g(o).
-7
Let k(v) be the third derivative of -v**6/120 + v**5/12 + v**4/12 + v**3 - 36*v**2 - v. Calculate k(5).
16
Let x(t) be the third derivative of t**5/12 + 5*t**4/24 - 5*t**3/6 - 16*t**2. Let s(j) = 9*j**2 + 9*j - 9. Let q(f) = -6*s(f) + 11*x(f). Give q(0).
-1
Let l(p) be the third derivative of -p**6/120 + p**5/15 + p**4/12 - 2*p**3/3 - 7*p**2. Suppose -5*a + 3*z = -20, -15 - 1 = -4*a + 2*z. Determine l(a).
4
Let m(d) = 2*d**2 + 6*d - 6. Let c be m(0). Let h(r) = -r**2 - 5*r + 6. What is h(c)?
0
Let a(k) = -k - 5. Let r be a(-5). Let x(h) = h**3 - 2*h**2 + 6*h - 7. Let u be x(5). Let n(m) = -u*m + 51*m + 6 + 48*m. Calculate n(r).
6
Let c(o) = 17 + 29*o - 33*o - 48 - 40 + 4. Determine c(-20).
13
Let f(m) be the third derivative of 47*m**5/60 - m**4/24 + m**3/6 - 91*m**2. Determine f(1).
47
Let j = 26 - 22. Let b(d) = -6*d + 18. Let i(l) = -7*l + 19. Let k(y) = 6*b(y) - 5*i(y). Let p(m) = -m + 12. Let f(s) = j*p(s) - 3*k(s). Calculate f(0).
9
Let t(p) = -3 - 5 - 688*p - 4 + 689*p. Determine t(7).
-5
Let c(f) = f**3 - 3*f**2 + 4*f - 2. Suppose p + 3 = -3*s, 2*s = 6*s - 4. Let n = 4 + p. Let d be -8 - -8 - (0 + n). Determine c(d).
2
Let z be 20 - (-3 - -4 - -3). Let j = 11 - z. Let q be j/2*(-4)/5. Let h(d) = d**2 - 3*d + 1. Calculate h(q).
-1
Suppose 4*c - 88 = 60. Suppose -i = -4*i + 5*r + 17, -c = -3*i - 5*r. Suppose -4*v - 15 = -i*v. Let x(j) = -j**3 + 5*j**2 - 2*j - 4. What is x(v)?
8
Let h(o) be the third derivative of 0*o - 8*o**2 + 1/720*o**6 + 0 + 0*o**3 + 7/120*o**5 + 1/12*o**4. Let z(s) be the second derivative of h(s). Calculate z(6).
13
Let n(f) = f**3 + f - 3. Suppose 0 = -14*b + 5*b. Determine n(b).
-3
Suppose 2*q - 73 - 245 = 0. Let v(u) = 3*u - 3*u + 158 - q - 5*u**3. Determine v(1).
-6
Suppose 0 = -2*u + 1 - 21. Let v(n) = -5*n**2 + 17*n + 26. Let b(y) = -14*y**2 + 50*y + 76. Let m(j) = 6*b(j) - 17*v(j). What is m(u)?
4
Let c(b) be the third derivative of b**6/720 + b**5/30 + 11*b**4/24 - 3*b**2. Let v(y) be the second derivative of c(y). Determine v(-4).
0
Let c(n) = 11*n - 4. Let i(l) = 14*l - 5. Let b(h) = 4*c(h) - 3*i(h). Let o(k) = -k**3 + 6*k**2 - 1. Let s be o(6). Let j = s - 0. What is b(j)?
-3
Let y(k) = k**3 + 2*k**2 - 3*k - 3. Suppose 5*w = -18 + 33. Give y(w).
33
Let p(u) = 3*u**3 - 5*u**2 - 3*u + 22. Let c(x) = -x**3 + 3*x**2 + x - 10. Let f(d) = -5*c(d) - 2*p(d). Calculate f(-5).
1
Let q(n) be the third derivative of 1/120*n**6 + 0 - 3*n**2 + 0*n**5 + 1/3*n**3 + 1/24*n**4 + 0*n. Let m be ((0 - 0)*(-5)/10)/(-3). Determine q(m).
2
Suppose 2*v + 6 = 4*v. Let o(r) = -r**2 + 0*r**2 + 4 + 8 + 3*r - 8. Give o(v).
4
Let j be 22 + -4 + 2 + 3/3. Suppose b = 4*o - j, o + 2*b - b = 4. Let u(m) = -m - 3. Give u(o).
-8
Let u = -19 - -21. Suppose 16 = -k - w - u*w, -2*k - 26 = 4*w. Let l(h) = -h**3 - 6*h**2 + 7*h - 7. Determine l(k).
-7
Let n(j) = -4*j**2 - 7*j - 5. Let a = 314 - 318. Calculate n(a).
-41
Let u(o) = -4*o. Let p be (-52)/39*(-9)/(-12). Give u(p).
4
Suppose 0*u - u = -4*d + 12, -3*u - 12 = 0. Let o(j) = -2*j**2 + 3*j - 1. Calculate o(d).
-3
Let v(r) = -4*r**2 + 4*r - 5. Let t(s) = -2*s**2 + 4*s - 4. Let k(o) = o**2 + o. Let d(h) = k(h) - t(h). Let x(n) = 5*d(n) + 4*v(n). Give x(-3).
-12
Let y(c) = -c**3 + 8*c**2 + 10. Let a = -107 + 115. Calculate y(a).
10
Let t(p) be the first derivative of p**3/3 + 3*p**2 + 142. What is t(-7)?
7
Let v(s) be the second derivative of -3*s**5/10 + s**4/6 - s**2/2 - 5*s. Let b be (1/2)/((-1)/4). Let r = b + 3. Calculate v(r).
-5
Let c(z) = 3*z**3 + 2*z + 2. Suppose 17 = 3*h + 8, -8 = 5*u - h. Give c(u).
-3
Let j(b) = -11*b**2 - 12*b + 16. Let p(m) = 13*m**2 + 13*m - 19. Let s(t) = -6*j(t) - 5*p(t). Give s(-11).
43
Let h(r) = -5*r**3 - 71*r**2 - 33*r + 58. Let s(q) = q*